{"id":5,"date":"2025-09-24T14:13:51","date_gmt":"2025-09-24T12:13:51","guid":{"rendered":"https:\/\/www.flickbar.ch\/?page_id=5"},"modified":"2026-01-20T14:59:12","modified_gmt":"2026-01-20T13:59:12","slug":"start","status":"publish","type":"page","link":"https:\/\/www.flickbar.ch\/","title":{"rendered":""},"content":{"rendered":"\n<figure class=\"wp-block-image size-large\"><img loading=\"lazy\" decoding=\"async\" width=\"1024\" height=\"222\" src=\"https:\/\/www.flickbar.ch\/wp-content\/uploads\/2025\/09\/Flickbar_innen-1024x222.jpg\" alt=\"\" class=\"wp-image-79\" srcset=\"https:\/\/www.flickbar.ch\/wp-content\/uploads\/2025\/09\/Flickbar_innen-1024x222.jpg 1024w, https:\/\/www.flickbar.ch\/wp-content\/uploads\/2025\/09\/Flickbar_innen-300x65.jpg 300w, https:\/\/www.flickbar.ch\/wp-content\/uploads\/2025\/09\/Flickbar_innen-768x166.jpg 768w, https:\/\/www.flickbar.ch\/wp-content\/uploads\/2025\/09\/Flickbar_innen-1536x333.jpg 1536w, https:\/\/www.flickbar.ch\/wp-content\/uploads\/2025\/09\/Flickbar_innen-2048x444.jpg 2048w\" sizes=\"auto, (max-width: 1024px) 100vw, 1024px\" \/><\/figure>\n\n\n\n<div style=\"height:29px\" aria-hidden=\"true\" class=\"wp-block-spacer\"><\/div>\n\n\n\n<div class=\"wp-block-group alignwide is-layout-grid wp-container-core-group-is-layout-478b6e6b wp-block-group-is-layout-grid\">\n<p><strong>Was wir tun<\/strong><\/p>\n\n\n\n<p class=\"is-style-default has-large-font-size wp-container-content-5f80b302\">Wir reparieren alles, was tragbar ist: Ger\u00e4te, Objekte, Maschinen, Apparate aller Art und auch \u00e4ltere elektronische Ger\u00e4te \u2013 jedoch keine Handys, Computer oder Fotokameras.<br>Wir bearbeiten Kunststoff, Holz, Metall. <br>Wir leimen, kleben, nieten, schrauben, d\u00fcbeln, l\u00f6ten. <br>Wir schleifen Messer und Scheren.<\/p>\n<\/div>\n\n\n\n<section class=\"wp-block-group is-layout-grid wp-container-core-group-is-layout-478b6e6b wp-block-group-is-layout-grid\">\n<p class=\"wp-container-content-9cfa9a5a\"><strong>Was es kostet&nbsp;<\/strong><\/p>\n\n\n\n<p class=\"wp-container-content-5f80b302\">Wir besprechen Vorgehen und Termin, bei Annahme hinterlegen Sie 30 CHF.<br>Wir verrechnen 90 CHF auf die Stunde plus Materialkosten.<br>Unsere Vorschl\u00e4ge sind verbindlich und frei von Kleingedrucktem.<\/p>\n<\/section>\n\n\n\n<section class=\"wp-block-group is-layout-grid wp-container-core-group-is-layout-478b6e6b wp-block-group-is-layout-grid\">\n<p class=\"wp-container-content-be15bbfa\"><strong>\u00d6ffnungszeiten<\/strong> <br><strong>(neu!)<\/strong><\/p>\n\n\n\n<p class=\"wp-container-content-5f80b302\">Wir haben Dienstag bis Donnerstag von 15:00 &#8211; 18:30 Uhr ge\u00f6ffnet .<br>Freitag bis Montag ist geschlossen.<br>Rufen Sie an, bevor Sie bei uns vorbeikommen. Es lohnt sich, denn allenfalls l\u00f6st sich das Problem per Telefon: 043 542 25 14<\/p>\n<\/section>\n\n\n\n<section class=\"wp-block-group is-layout-grid wp-container-core-group-is-layout-478b6e6b wp-block-group-is-layout-grid\">\n<p class=\"wp-container-content-9cfa9a5a\"><strong>Unsere Philosophie<\/strong><\/p>\n\n\n\n<p class=\"wp-container-content-5f80b302\">Die Flickbar ist eine lokal verwurzelte Reparaturwerkstatt.<br>Zentral ist f\u00fcr uns das Beheben und Beseitigen von Sch\u00e4den, das wieder Instand setzen, Kitten, Herrichten, Wiederherstellen.<br>Reparieren ist f\u00fcr uns ein zentrales Anliegen mit hohem Stellenwert, weit wichtiger als jedes Recycling. Denn Flicken heisst, dem Ger\u00e4t den urspr\u00fcnglichen Wert und die originale Funktion zur\u00fcckzugeben.<br>Wir bieten Reparaturen und Beratung, Know-how und Erfahrung. <br>Und: wir kennen die Handwerker in der Umgebung. Das heisst, wir wissen auch in den F\u00e4llen weiter, die wir nicht selber ausf\u00fchren k\u00f6nnen.<\/p>\n<\/section>\n\n\n\n<section class=\"wp-block-group is-layout-grid wp-container-core-group-is-layout-478b6e6b wp-block-group-is-layout-grid\">\n<p class=\"wp-container-content-9cfa9a5a\"><strong>Wer wir sind<\/strong><\/p>\n\n\n\n<p class=\"wp-container-content-5f80b302\">Heinz Ryter &#8211; Reto Vollenweider <\/p>\n<\/section>\n\n\n\n<div style=\"height:16px\" aria-hidden=\"true\" class=\"wp-block-spacer\"><\/div>\n\n\n\n<figure class=\"wp-block-image size-large\"><img loading=\"lazy\" decoding=\"async\" width=\"1024\" height=\"380\" src=\"https:\/\/www.flickbar.ch\/wp-content\/uploads\/2025\/09\/Predigergasse-1024x380.jpg\" alt=\"\" class=\"wp-image-61\" srcset=\"https:\/\/www.flickbar.ch\/wp-content\/uploads\/2025\/09\/Predigergasse-1024x380.jpg 1024w, https:\/\/www.flickbar.ch\/wp-content\/uploads\/2025\/09\/Predigergasse-300x111.jpg 300w, https:\/\/www.flickbar.ch\/wp-content\/uploads\/2025\/09\/Predigergasse-768x285.jpg 768w, https:\/\/www.flickbar.ch\/wp-content\/uploads\/2025\/09\/Predigergasse-1536x570.jpg 1536w, https:\/\/www.flickbar.ch\/wp-content\/uploads\/2025\/09\/Predigergasse.jpg 1597w\" sizes=\"auto, (max-width: 1024px) 100vw, 1024px\" \/><\/figure>\n\n\n\n<div style=\"height:29px\" aria-hidden=\"true\" class=\"wp-block-spacer\"><\/div>\n\n\n\n<p><strong>Flickbar&#8230;<\/strong><\/p>\n\n\n\n<div class=\"wp-block-columns is-layout-flex wp-container-core-columns-is-layout-28f84493 wp-block-columns-is-layout-flex\">\n<div class=\"wp-block-column is-style-default is-layout-flow wp-block-column-is-layout-flow\" style=\"flex-basis:25%\">\n<div class=\"wp-block-buttons is-content-justification-left is-layout-flex wp-container-core-buttons-is-layout-24a44033 wp-block-buttons-is-layout-flex\">\n<div class=\"wp-block-button\"><a class=\"wp-block-button__link has-medium-font-size has-custom-font-size wp-element-button\" href=\"https:\/\/www.zuerich1.ch\/altstadtkurier\/ausgabe\/178\/alles-was-flickbar-ist\" style=\"border-radius:0px;padding-top:var(--wp--preset--spacing--20);padding-right:var(--wp--preset--spacing--40);padding-bottom:var(--wp--preset--spacing--20);padding-left:var(--wp--preset--spacing--40)\" target=\"_blank\" rel=\"noreferrer noopener\">&#8230;in der Presse<\/a><\/div>\n<\/div>\n<\/div>\n\n\n\n<div class=\"wp-block-column is-layout-flow wp-block-column-is-layout-flow\" style=\"flex-basis:25%\">\n<div class=\"wp-block-buttons wp-container-content-8d1725e3 is-content-justification-left is-layout-flex wp-container-core-buttons-is-layout-59310063 wp-block-buttons-is-layout-flex\">\n<div class=\"wp-block-button\"><a class=\"wp-block-button__link has-medium-font-size has-custom-font-size wp-element-button\" href=\"https:\/\/www.srf.ch\/play\/tv\/tagesschau\/video\/repair-revolution-ausstellung-museum-fuer-gestaltung-zuerich?urn=urn:srf:video:4234c206-1e85-4e31-b069-713e54293fcd\" style=\"border-radius:0px;padding-top:var(--wp--preset--spacing--20);padding-right:var(--wp--preset--spacing--40);padding-bottom:var(--wp--preset--spacing--20);padding-left:var(--wp--preset--spacing--40)\" target=\"_blank\" rel=\"noreferrer noopener\">&#8230;im Fernsehen<\/a><\/div>\n<\/div>\n<\/div>\n\n\n\n<div class=\"wp-block-column is-layout-flow wp-block-column-is-layout-flow\" style=\"flex-basis:25%\">\n<div class=\"wp-block-buttons wp-container-content-f67f277b is-content-justification-left is-layout-flex wp-container-core-buttons-is-layout-24a44033 wp-block-buttons-is-layout-flex\">\n<div class=\"wp-block-button\"><a class=\"wp-block-button__link wp-element-button\" href=\"https:\/\/www.srf.ch\/audio\/regionaljournal-zuerich-schaffhausen\/die-leidenschaften-des-flickbar-trios?uuid=291b9288-2b8f-406c-832f-6d6e71edfb1d\" style=\"border-radius:0px;padding-top:var(--wp--preset--spacing--20);padding-right:var(--wp--preset--spacing--40);padding-bottom:var(--wp--preset--spacing--20);padding-left:var(--wp--preset--spacing--40)\" target=\"_blank\" rel=\"noreferrer noopener\">&#8230;im Radio<\/a><\/div>\n<\/div>\n<\/div>\n\n\n\n<div class=\"wp-block-column is-layout-flow wp-block-column-is-layout-flow\" style=\"flex-basis:25%\">\n<div class=\"wp-block-buttons is-content-justification-left is-layout-flex wp-container-core-buttons-is-layout-24a44033 wp-block-buttons-is-layout-flex\">\n<div class=\"wp-block-button\"><a class=\"wp-block-button__link has-medium-font-size has-custom-font-size wp-element-button\" href=\"https:\/\/www.instagram.com\/p\/B9G4_bhAQL1\/\" style=\"border-radius:0px;padding-top:var(--wp--preset--spacing--20);padding-right:var(--wp--preset--spacing--40);padding-bottom:var(--wp--preset--spacing--20);padding-left:var(--wp--preset--spacing--40)\" target=\"_blank\" rel=\"noreferrer noopener\">&#8230;auf Instagram<\/a><\/div>\n<\/div>\n<\/div>\n<\/div>\n\n\n\n<p><\/p>\n","protected":false},"excerpt":{"rendered":"<p>Was wir tun Wir reparieren alles, was tragbar ist: Ger\u00e4te, Objekte, Maschinen, Apparate aller Art und auch \u00e4ltere elektronische Ger\u00e4te \u2013 jedoch keine Handys, Computer oder Fotokameras.Wir bearbeiten Kunststoff, Holz, Metall. Wir leimen, kleben, nieten, schrauben, d\u00fcbeln, l\u00f6ten. Wir schleifen Messer und Scheren. Was es kostet&nbsp; Wir besprechen Vorgehen und Termin, bei Annahme hinterlegen Sie [&hellip;]<\/p>\n","protected":false},"author":1,"featured_media":0,"parent":0,"menu_order":0,"comment_status":"closed","ping_status":"closed","template":"","meta":{"footnotes":""},"class_list":["post-5","page","type-page","status-publish","hentry"],"_links":{"self":[{"href":"https:\/\/www.flickbar.ch\/index.php?rest_route=\/wp\/v2\/pages\/5","targetHints":{"allow":["GET"]}}],"collection":[{"href":"https:\/\/www.flickbar.ch\/index.php?rest_route=\/wp\/v2\/pages"}],"about":[{"href":"https:\/\/www.flickbar.ch\/index.php?rest_route=\/wp\/v2\/types\/page"}],"author":[{"embeddable":true,"href":"https:\/\/www.flickbar.ch\/index.php?rest_route=\/wp\/v2\/users\/1"}],"replies":[{"embeddable":true,"href":"https:\/\/www.flickbar.ch\/index.php?rest_route=%2Fwp%2Fv2%2Fcomments&post=5"}],"version-history":[{"count":32,"href":"https:\/\/www.flickbar.ch\/index.php?rest_route=\/wp\/v2\/pages\/5\/revisions"}],"predecessor-version":[{"id":93,"href":"https:\/\/www.flickbar.ch\/index.php?rest_route=\/wp\/v2\/pages\/5\/revisions\/93"}],"wp:attachment":[{"href":"https:\/\/www.flickbar.ch\/index.php?rest_route=%2Fwp%2Fv2%2Fmedia&parent=5"}],"curies":[{"name":"wp","href":"https:\/\/api.w.org\/{rel}","templated":true}]}}